{"id":105,"date":"2025-11-05T12:19:13","date_gmt":"2025-11-05T12:19:13","guid":{"rendered":"https:\/\/cfgarage.com.ar\/?page_id=105"},"modified":"2025-11-12T19:53:28","modified_gmt":"2025-11-12T22:53:28","slug":"inicio","status":"publish","type":"page","link":"https:\/\/cfgarage.com.ar\/","title":{"rendered":"Inicio"},"content":{"rendered":"\t\t<div data-elementor-type=\"wp-page\" data-elementor-id=\"105\" class=\"elementor elementor-105\" data-elementor-post-type=\"page\">\n\t\t\t\t<div class=\"elementor-element elementor-element-21aca0c e-con-full e-flex e-con e-parent\" data-id=\"21aca0c\" data-element_type=\"container\">\n\t\t\t\t<div class=\"elementor-element elementor-element-6e8906d elementor--h-position-center elementor--v-position-middle elementor-arrows-position-inside elementor-pagination-position-inside elementor-widget elementor-widget-slides\" data-id=\"6e8906d\" data-element_type=\"widget\" data-settings=\"{&quot;navigation&quot;:&quot;both&quot;,&quot;autoplay&quot;:&quot;yes&quot;,&quot;pause_on_hover&quot;:&quot;yes&quot;,&quot;pause_on_interaction&quot;:&quot;yes&quot;,&quot;autoplay_speed&quot;:5000,&quot;infinite&quot;:&quot;yes&quot;,&quot;transition&quot;:&quot;slide&quot;,&quot;transition_speed&quot;:500}\" data-widget_type=\"slides.default\">\n\t\t\t\t\t\t\t\t\t\t<div class=\"elementor-slides-wrapper elementor-main-swiper swiper\" role=\"region\" aria-roledescription=\"carousel\" aria-label=\"Slides\" dir=\"ltr\" data-animation=\"fadeInUp\">\r\n\t\t\t\t<div class=\"swiper-wrapper elementor-slides\">\r\n\t\t\t\t\t\t\t\t\t\t<div class=\"elementor-repeater-item-71f2647 swiper-slide\" role=\"group\" aria-roledescription=\"slide\"><div class=\"swiper-slide-bg\" role=\"img\" aria-label=\"far-maverick-overview-billboard\"><\/div><div class=\"elementor-background-overlay\"><\/div><a class=\"swiper-slide-inner\" href=\"https:\/\/cfgarage.com.ar\/index.php\/categoria-producto\/autos-seleccionados\/pick-up\/\"><div class=\"swiper-slide-contents\"><div class=\"elementor-slide-heading\">Encontr\u00e1 tu Pick-Up<\/div><div class=\"elementor-slide-description\">Tu pr\u00f3xima aventura empieza sobre ruedas.<\/div><div  class=\"elementor-button elementor-slide-button elementor-size-sm\">VER M\u00c1S<\/div><\/div><\/a><\/div><div class=\"elementor-repeater-item-f01a632 swiper-slide\" role=\"group\" aria-roledescription=\"slide\"><div class=\"swiper-slide-bg\" role=\"img\" aria-label=\"IF2H2AAOH5GVRHP2ZDV6YG7SZE\"><\/div><div class=\"elementor-background-overlay\"><\/div><a class=\"swiper-slide-inner\" href=\"https:\/\/cfgarage.com.ar\/index.php\/categoria-producto\/autos-seleccionados\/sedan\/\"><div class=\"swiper-slide-contents\"><div class=\"elementor-slide-heading\">Encontr\u00e1 tu Auto<\/div><div class=\"elementor-slide-description\">La manera m\u00e1s f\u00e1cil de subirte a tu pr\u00f3ximo auto.<\/div><div  class=\"elementor-button elementor-slide-button elementor-size-sm\">VER M\u00c1S<\/div><\/div><\/a><\/div><div class=\"elementor-repeater-item-1cbf06f swiper-slide\" role=\"group\" aria-roledescription=\"slide\"><div class=\"swiper-slide-bg\" role=\"img\" aria-label=\"444548_MY23_KTM_450_SX-F_Stock___MY23_KTM_250_SX-F_PowerParts_-_EU_MY23_03_Action\"><\/div><div class=\"elementor-background-overlay\"><\/div><a class=\"swiper-slide-inner\" href=\"https:\/\/cfgarage.com.ar\/index.php\/categoria-producto\/motos\/\"><div class=\"swiper-slide-contents\"><div class=\"elementor-slide-heading\">Encontr\u00e1 tu Moto<\/div><div class=\"elementor-slide-description\">Eleg\u00ed la moto que va con tu estilo de vida.<\/div><div  class=\"elementor-button elementor-slide-button elementor-size-sm\">VER M\u00c1S<\/div><\/div><\/a><\/div>\t\t\t\t<\/div>\r\n\t\t\t\t\t\t\t\t\t\t\t\t\t\t\t<div class=\"elementor-swiper-button elementor-swiper-button-prev\" role=\"button\" tabindex=\"0\" aria-label=\"Previous slide\">\r\n\t\t\t\t\t\t\t<svg aria-hidden=\"true\" class=\"e-font-icon-svg e-eicon-chevron-left\" viewBox=\"0 0 1000 1000\" xmlns=\"http:\/\/www.w3.org\/2000\/svg\"><path d=\"M646 125C629 125 613 133 604 142L308 442C296 454 292 471 292 487 292 504 296 521 308 533L604 854C617 867 629 875 646 875 663 875 679 871 692 858 704 846 713 829 713 812 713 796 708 779 692 767L438 487 692 225C700 217 708 204 708 187 708 171 704 154 692 142 675 129 663 125 646 125Z\"><\/path><\/svg>\t\t\t\t\t\t<\/div>\r\n\t\t\t\t\t\t<div class=\"elementor-swiper-button elementor-swiper-button-next\" role=\"button\" tabindex=\"0\" aria-label=\"Next slide\">\r\n\t\t\t\t\t\t\t<svg aria-hidden=\"true\" class=\"e-font-icon-svg e-eicon-chevron-right\" viewBox=\"0 0 1000 1000\" xmlns=\"http:\/\/www.w3.org\/2000\/svg\"><path d=\"M696 533C708 521 713 504 713 487 713 471 708 454 696 446L400 146C388 133 375 125 354 125 338 125 325 129 313 142 300 154 292 171 292 187 292 204 296 221 308 233L563 492 304 771C292 783 288 800 288 817 288 833 296 850 308 863 321 871 338 875 354 875 371 875 388 867 400 854L696 533Z\"><\/path><\/svg>\t\t\t\t\t\t<\/div>\r\n\t\t\t\t\t\t\t\t\t\t\t\t\t\t\t\t<div class=\"swiper-pagination\"><\/div>\r\n\t\t\t\t\t\t\t\t\t\t\t\t<\/div>\r\n\t\t\t\t\t\t\t\t<\/div>\n\t\t\t\t<\/div>\n\t\t<div class=\"elementor-element elementor-element-79bff9e e-flex e-con-boxed e-con e-parent\" data-id=\"79bff9e\" data-element_type=\"container\">\n\t\t\t\t\t<div class=\"e-con-inner\">\n\t\t<div class=\"elementor-element elementor-element-31617ac e-con-full e-flex e-con e-child\" data-id=\"31617ac\" data-element_type=\"container\">\n\t\t\t\t<div class=\"elementor-element elementor-element-3c88e1b elementor-widget elementor-widget-heading\" data-id=\"3c88e1b\" data-element_type=\"widget\" data-widget_type=\"heading.default\">\n\t\t\t\t\t<h2 class=\"elementor-heading-title elementor-size-default\">ENCONTR\u00c1 EL AUTO QUE EST\u00c1S BUSCANDO<\/h2>\t\t\t\t<\/div>\n\t\t\t\t<div class=\"elementor-element elementor-element-f207c9f elementor-grid-4 elementor-grid-tablet-3 elementor-grid-mobile-2 elementor-products-grid elementor-wc-products elementor-widget elementor-widget-woocommerce-products\" data-id=\"f207c9f\" data-element_type=\"widget\" data-widget_type=\"woocommerce-products.default\">\n\t\t\t\t<div class=\"elementor-widget-container\">\n\t\t\t\t\t<div class=\"woocommerce columns-4 \"><ul class=\"products elementor-grid columns-4\">\n<li class=\"product type-product post-512 status-publish first instock product_cat-autos-seleccionados product_cat-sedan has-post-thumbnail virtual purchasable product-type-simple\">\n\t<a href=\"https:\/\/cfgarage.com.ar\/index.php\/producto\/bmw-320d\/\" class=\"woocommerce-LoopProduct-link woocommerce-loop-product__link\"><img fetchpriority=\"high\" decoding=\"async\" width=\"300\" height=\"300\" src=\"https:\/\/cfgarage.com.ar\/wp-content\/uploads\/2025\/11\/img_2231-scaled-300x300.jpeg\" class=\"attachment-woocommerce_thumbnail size-woocommerce_thumbnail\" alt=\"BMW 320d\" srcset=\"https:\/\/cfgarage.com.ar\/wp-content\/uploads\/2025\/11\/img_2231-scaled-300x300.jpeg 300w, https:\/\/cfgarage.com.ar\/wp-content\/uploads\/2025\/11\/img_2231-scaled-600x600.jpeg 600w, https:\/\/cfgarage.com.ar\/wp-content\/uploads\/2025\/11\/img_2231-scaled-100x100.jpeg 100w, https:\/\/cfgarage.com.ar\/wp-content\/uploads\/2025\/11\/img_2231-scaled-150x150.jpeg 150w, https:\/\/cfgarage.com.ar\/wp-content\/uploads\/2025\/11\/img_2231-scaled-768x768.jpeg 768w, https:\/\/cfgarage.com.ar\/wp-content\/uploads\/2025\/11\/img_2231-scaled-1024x1024.jpeg 1024w\" sizes=\"(max-width: 300px) 100vw, 300px\" \/><h2 class=\"woocommerce-loop-product__title\">BMW 320d<\/h2>\n\t<span class=\"price\"><span class=\"woocommerce-Price-amount amount\"><bdi><span class=\"woocommerce-Price-currencySymbol\">&#36;<\/span>&nbsp;16.000,00<\/bdi><\/span> <span class=\"usd-label\">USD<\/span><\/span>\n<\/a>\t<span id=\"woocommerce_loop_add_to_cart_link_describedby_512\" class=\"screen-reader-text\">\n\t\t\t<\/span>\n<a href=\"https:\/\/cfgarage.com.ar\/index.php\/producto\/bmw-320d\/\" class=\"ver-mas-btn-cfgarage\">Ver m\u00e1s<\/a><\/li>\n<li class=\"product type-product post-500 status-publish instock product_cat-autos-seleccionados product_cat-hatchback has-post-thumbnail virtual purchasable product-type-simple\">\n\t<a href=\"https:\/\/cfgarage.com.ar\/index.php\/producto\/gol-trend-2016-pk2\/\" class=\"woocommerce-LoopProduct-link woocommerce-loop-product__link\"><img decoding=\"async\" width=\"300\" height=\"300\" src=\"https:\/\/cfgarage.com.ar\/wp-content\/uploads\/2025\/11\/bc501ff7-2d82-4721-84a7-d05a7e916cce-300x300.jpeg\" class=\"attachment-woocommerce_thumbnail size-woocommerce_thumbnail\" alt=\"Gol trend 2016 pk2\" srcset=\"https:\/\/cfgarage.com.ar\/wp-content\/uploads\/2025\/11\/bc501ff7-2d82-4721-84a7-d05a7e916cce-300x300.jpeg 300w, https:\/\/cfgarage.com.ar\/wp-content\/uploads\/2025\/11\/bc501ff7-2d82-4721-84a7-d05a7e916cce-600x600.jpeg 600w, https:\/\/cfgarage.com.ar\/wp-content\/uploads\/2025\/11\/bc501ff7-2d82-4721-84a7-d05a7e916cce-100x100.jpeg 100w, https:\/\/cfgarage.com.ar\/wp-content\/uploads\/2025\/11\/bc501ff7-2d82-4721-84a7-d05a7e916cce-150x150.jpeg 150w, https:\/\/cfgarage.com.ar\/wp-content\/uploads\/2025\/11\/bc501ff7-2d82-4721-84a7-d05a7e916cce-768x768.jpeg 768w, https:\/\/cfgarage.com.ar\/wp-content\/uploads\/2025\/11\/bc501ff7-2d82-4721-84a7-d05a7e916cce-1024x1024.jpeg 1024w\" sizes=\"(max-width: 300px) 100vw, 300px\" \/><h2 class=\"woocommerce-loop-product__title\">Gol trend 2016 pk2<\/h2>\n\t<span class=\"price\"><span class=\"woocommerce-Price-amount amount\"><bdi><span class=\"woocommerce-Price-currencySymbol\">&#36;<\/span>&nbsp;11.500,00<\/bdi><\/span> <span class=\"usd-label\">USD<\/span><\/span>\n<\/a>\t<span id=\"woocommerce_loop_add_to_cart_link_describedby_500\" class=\"screen-reader-text\">\n\t\t\t<\/span>\n<a href=\"https:\/\/cfgarage.com.ar\/index.php\/producto\/gol-trend-2016-pk2\/\" class=\"ver-mas-btn-cfgarage\">Ver m\u00e1s<\/a><\/li>\n<li class=\"product type-product post-482 status-publish instock product_cat-autos-seleccionados product_cat-todo-terreno has-post-thumbnail virtual purchasable product-type-simple\">\n\t<a href=\"https:\/\/cfgarage.com.ar\/index.php\/producto\/grand-vitara-2007\/\" class=\"woocommerce-LoopProduct-link woocommerce-loop-product__link\"><img decoding=\"async\" width=\"300\" height=\"300\" src=\"https:\/\/cfgarage.com.ar\/wp-content\/uploads\/2025\/11\/img_8216-1-300x300.jpeg\" class=\"attachment-woocommerce_thumbnail size-woocommerce_thumbnail\" alt=\"Grand vitara 2007\" srcset=\"https:\/\/cfgarage.com.ar\/wp-content\/uploads\/2025\/11\/img_8216-1-300x300.jpeg 300w, https:\/\/cfgarage.com.ar\/wp-content\/uploads\/2025\/11\/img_8216-1-600x600.jpeg 600w, https:\/\/cfgarage.com.ar\/wp-content\/uploads\/2025\/11\/img_8216-1-100x100.jpeg 100w, https:\/\/cfgarage.com.ar\/wp-content\/uploads\/2025\/11\/img_8216-1-150x150.jpeg 150w, https:\/\/cfgarage.com.ar\/wp-content\/uploads\/2025\/11\/img_8216-1-768x768.jpeg 768w, https:\/\/cfgarage.com.ar\/wp-content\/uploads\/2025\/11\/img_8216-1-1024x1024.jpeg 1024w\" sizes=\"(max-width: 300px) 100vw, 300px\" \/><h2 class=\"woocommerce-loop-product__title\">Grand vitara 2007<\/h2>\n\t<span class=\"price\"><span class=\"woocommerce-Price-amount amount\"><bdi><span class=\"woocommerce-Price-currencySymbol\">&#36;<\/span>&nbsp;11.500,00<\/bdi><\/span> <span class=\"usd-label\">USD<\/span><\/span>\n<\/a>\t<span id=\"woocommerce_loop_add_to_cart_link_describedby_482\" class=\"screen-reader-text\">\n\t\t\t<\/span>\n<a href=\"https:\/\/cfgarage.com.ar\/index.php\/producto\/grand-vitara-2007\/\" class=\"ver-mas-btn-cfgarage\">Ver m\u00e1s<\/a><\/li>\n<li class=\"product type-product post-464 status-publish last instock product_cat-autos-seleccionados product_cat-hatchback has-post-thumbnail virtual purchasable product-type-simple\">\n\t<a href=\"https:\/\/cfgarage.com.ar\/index.php\/producto\/clio-mio-dynamique-2016\/\" class=\"woocommerce-LoopProduct-link woocommerce-loop-product__link\"><img loading=\"lazy\" decoding=\"async\" width=\"300\" height=\"300\" src=\"https:\/\/cfgarage.com.ar\/wp-content\/uploads\/2025\/11\/img_8204-300x300.jpeg\" class=\"attachment-woocommerce_thumbnail size-woocommerce_thumbnail\" alt=\"Clio m\u00edo dynamique 2016\" srcset=\"https:\/\/cfgarage.com.ar\/wp-content\/uploads\/2025\/11\/img_8204-300x300.jpeg 300w, https:\/\/cfgarage.com.ar\/wp-content\/uploads\/2025\/11\/img_8204-600x600.jpeg 600w, https:\/\/cfgarage.com.ar\/wp-content\/uploads\/2025\/11\/img_8204-100x100.jpeg 100w, https:\/\/cfgarage.com.ar\/wp-content\/uploads\/2025\/11\/img_8204-150x150.jpeg 150w, https:\/\/cfgarage.com.ar\/wp-content\/uploads\/2025\/11\/img_8204-768x768.jpeg 768w, https:\/\/cfgarage.com.ar\/wp-content\/uploads\/2025\/11\/img_8204-1024x1024.jpeg 1024w\" sizes=\"(max-width: 300px) 100vw, 300px\" \/><h2 class=\"woocommerce-loop-product__title\">Clio m\u00edo dynamique 2016<\/h2>\n\t<span class=\"price\"><span class=\"woocommerce-Price-amount amount\"><bdi><span class=\"woocommerce-Price-currencySymbol\">&#36;<\/span>&nbsp;10.000,00<\/bdi><\/span> <span class=\"usd-label\">USD<\/span><\/span>\n<\/a>\t<span id=\"woocommerce_loop_add_to_cart_link_describedby_464\" class=\"screen-reader-text\">\n\t\t\t<\/span>\n<a href=\"https:\/\/cfgarage.com.ar\/index.php\/producto\/clio-mio-dynamique-2016\/\" class=\"ver-mas-btn-cfgarage\">Ver m\u00e1s<\/a><\/li>\n<li class=\"product type-product post-453 status-publish first instock product_cat-autos-seleccionados product_cat-hatchback has-post-thumbnail virtual purchasable product-type-simple\">\n\t<a href=\"https:\/\/cfgarage.com.ar\/index.php\/producto\/ford-focus-s-2017\/\" class=\"woocommerce-LoopProduct-link woocommerce-loop-product__link\"><img loading=\"lazy\" decoding=\"async\" width=\"300\" height=\"300\" src=\"https:\/\/cfgarage.com.ar\/wp-content\/uploads\/2025\/11\/img_8133-scaled-300x300.jpeg\" class=\"attachment-woocommerce_thumbnail size-woocommerce_thumbnail\" alt=\"Ford focus s 2017\" srcset=\"https:\/\/cfgarage.com.ar\/wp-content\/uploads\/2025\/11\/img_8133-scaled-300x300.jpeg 300w, https:\/\/cfgarage.com.ar\/wp-content\/uploads\/2025\/11\/img_8133-scaled-600x600.jpeg 600w, https:\/\/cfgarage.com.ar\/wp-content\/uploads\/2025\/11\/img_8133-scaled-100x100.jpeg 100w, https:\/\/cfgarage.com.ar\/wp-content\/uploads\/2025\/11\/img_8133-scaled-150x150.jpeg 150w, https:\/\/cfgarage.com.ar\/wp-content\/uploads\/2025\/11\/img_8133-scaled-768x768.jpeg 768w, https:\/\/cfgarage.com.ar\/wp-content\/uploads\/2025\/11\/img_8133-scaled-1024x1024.jpeg 1024w\" sizes=\"(max-width: 300px) 100vw, 300px\" \/><h2 class=\"woocommerce-loop-product__title\">Ford focus s 2017<\/h2>\n\t<span class=\"price\"><span class=\"woocommerce-Price-amount amount\"><bdi><span class=\"woocommerce-Price-currencySymbol\">&#36;<\/span>&nbsp;16.000,00<\/bdi><\/span> <span class=\"usd-label\">USD<\/span><\/span>\n<\/a>\t<span id=\"woocommerce_loop_add_to_cart_link_describedby_453\" class=\"screen-reader-text\">\n\t\t\t<\/span>\n<a href=\"https:\/\/cfgarage.com.ar\/index.php\/producto\/ford-focus-s-2017\/\" class=\"ver-mas-btn-cfgarage\">Ver m\u00e1s<\/a><\/li>\n<li class=\"product type-product post-433 status-publish instock product_cat-autos-seleccionados product_cat-sedan has-post-thumbnail virtual purchasable product-type-simple\">\n\t<a href=\"https:\/\/cfgarage.com.ar\/index.php\/producto\/mercedes-benz-c200-2017\/\" class=\"woocommerce-LoopProduct-link woocommerce-loop-product__link\"><img loading=\"lazy\" decoding=\"async\" width=\"300\" height=\"300\" src=\"https:\/\/cfgarage.com.ar\/wp-content\/uploads\/2025\/11\/img_0081-scaled-300x300.jpeg\" class=\"attachment-woocommerce_thumbnail size-woocommerce_thumbnail\" alt=\"Mercedes Benz c200 2017\" srcset=\"https:\/\/cfgarage.com.ar\/wp-content\/uploads\/2025\/11\/img_0081-scaled-300x300.jpeg 300w, https:\/\/cfgarage.com.ar\/wp-content\/uploads\/2025\/11\/img_0081-scaled-600x600.jpeg 600w, https:\/\/cfgarage.com.ar\/wp-content\/uploads\/2025\/11\/img_0081-scaled-100x100.jpeg 100w, https:\/\/cfgarage.com.ar\/wp-content\/uploads\/2025\/11\/img_0081-scaled-150x150.jpeg 150w, https:\/\/cfgarage.com.ar\/wp-content\/uploads\/2025\/11\/img_0081-scaled-768x768.jpeg 768w, https:\/\/cfgarage.com.ar\/wp-content\/uploads\/2025\/11\/img_0081-scaled-1024x1024.jpeg 1024w\" sizes=\"(max-width: 300px) 100vw, 300px\" \/><h2 class=\"woocommerce-loop-product__title\">Mercedes Benz c200 2017<\/h2>\n\t<span class=\"price\"><span class=\"woocommerce-Price-amount amount\"><bdi><span class=\"woocommerce-Price-currencySymbol\">&#36;<\/span>&nbsp;33.000,00<\/bdi><\/span> <span class=\"usd-label\">USD<\/span><\/span>\n<\/a>\t<span id=\"woocommerce_loop_add_to_cart_link_describedby_433\" class=\"screen-reader-text\">\n\t\t\t<\/span>\n<a href=\"https:\/\/cfgarage.com.ar\/index.php\/producto\/mercedes-benz-c200-2017\/\" class=\"ver-mas-btn-cfgarage\">Ver m\u00e1s<\/a><\/li>\n<li class=\"product type-product post-416 status-publish instock product_cat-autos-seleccionados product_cat-todo-terreno has-post-thumbnail virtual purchasable product-type-simple\">\n\t<a href=\"https:\/\/cfgarage.com.ar\/index.php\/producto\/renault-duster-privilege-2016\/\" class=\"woocommerce-LoopProduct-link woocommerce-loop-product__link\"><img loading=\"lazy\" decoding=\"async\" width=\"300\" height=\"300\" src=\"https:\/\/cfgarage.com.ar\/wp-content\/uploads\/2025\/11\/img_5694-scaled-300x300.jpeg\" class=\"attachment-woocommerce_thumbnail size-woocommerce_thumbnail\" alt=\"Renault Duster privilege 2016\" srcset=\"https:\/\/cfgarage.com.ar\/wp-content\/uploads\/2025\/11\/img_5694-scaled-300x300.jpeg 300w, https:\/\/cfgarage.com.ar\/wp-content\/uploads\/2025\/11\/img_5694-scaled-600x600.jpeg 600w, https:\/\/cfgarage.com.ar\/wp-content\/uploads\/2025\/11\/img_5694-scaled-100x100.jpeg 100w, https:\/\/cfgarage.com.ar\/wp-content\/uploads\/2025\/11\/img_5694-scaled-150x150.jpeg 150w, https:\/\/cfgarage.com.ar\/wp-content\/uploads\/2025\/11\/img_5694-scaled-768x768.jpeg 768w, https:\/\/cfgarage.com.ar\/wp-content\/uploads\/2025\/11\/img_5694-scaled-1024x1024.jpeg 1024w\" sizes=\"(max-width: 300px) 100vw, 300px\" \/><h2 class=\"woocommerce-loop-product__title\">Renault Duster privilege 2016<\/h2>\n\t<span class=\"price\"><span class=\"woocommerce-Price-amount amount\"><bdi><span class=\"woocommerce-Price-currencySymbol\">&#36;<\/span>&nbsp;16.000,00<\/bdi><\/span> <span class=\"usd-label\">USD<\/span><\/span>\n<\/a>\t<span id=\"woocommerce_loop_add_to_cart_link_describedby_416\" class=\"screen-reader-text\">\n\t\t\t<\/span>\n<a href=\"https:\/\/cfgarage.com.ar\/index.php\/producto\/renault-duster-privilege-2016\/\" class=\"ver-mas-btn-cfgarage\">Ver m\u00e1s<\/a><\/li>\n<li class=\"product type-product post-71 status-publish last instock product_cat-autos-seleccionados product_cat-pick-up has-post-thumbnail shipping-taxable purchasable product-type-simple\">\n\t<a href=\"https:\/\/cfgarage.com.ar\/index.php\/producto\/fiat-toro-freedom-4x4-2020\/\" class=\"woocommerce-LoopProduct-link woocommerce-loop-product__link\"><img loading=\"lazy\" decoding=\"async\" width=\"300\" height=\"300\" src=\"https:\/\/cfgarage.com.ar\/wp-content\/uploads\/2025\/11\/WhatsApp-Image-2025-11-05-at-08.26.55-1-300x300.jpeg\" class=\"attachment-woocommerce_thumbnail size-woocommerce_thumbnail\" alt=\"Fiat Toro Freedom 4x4 2020\" srcset=\"https:\/\/cfgarage.com.ar\/wp-content\/uploads\/2025\/11\/WhatsApp-Image-2025-11-05-at-08.26.55-1-300x300.jpeg 300w, https:\/\/cfgarage.com.ar\/wp-content\/uploads\/2025\/11\/WhatsApp-Image-2025-11-05-at-08.26.55-1-600x600.jpeg 600w, https:\/\/cfgarage.com.ar\/wp-content\/uploads\/2025\/11\/WhatsApp-Image-2025-11-05-at-08.26.55-1-100x100.jpeg 100w, https:\/\/cfgarage.com.ar\/wp-content\/uploads\/2025\/11\/WhatsApp-Image-2025-11-05-at-08.26.55-1-150x150.jpeg 150w, https:\/\/cfgarage.com.ar\/wp-content\/uploads\/2025\/11\/WhatsApp-Image-2025-11-05-at-08.26.55-1-768x768.jpeg 768w, https:\/\/cfgarage.com.ar\/wp-content\/uploads\/2025\/11\/WhatsApp-Image-2025-11-05-at-08.26.55-1-1024x1024.jpeg 1024w\" sizes=\"(max-width: 300px) 100vw, 300px\" \/><h2 class=\"woocommerce-loop-product__title\">Fiat Toro Freedom 4&#215;4 2020<\/h2>\n\t<span class=\"price\"><span class=\"woocommerce-Price-amount amount\"><bdi><span class=\"woocommerce-Price-currencySymbol\">&#36;<\/span>&nbsp;22.500,00<\/bdi><\/span> <span class=\"usd-label\">USD<\/span><\/span>\n<\/a>\t<span id=\"woocommerce_loop_add_to_cart_link_describedby_71\" class=\"screen-reader-text\">\n\t\t\t<\/span>\n<a href=\"https:\/\/cfgarage.com.ar\/index.php\/producto\/fiat-toro-freedom-4x4-2020\/\" class=\"ver-mas-btn-cfgarage\">Ver m\u00e1s<\/a><\/li>\n<\/ul>\n<\/div>\t\t\t\t<\/div>\n\t\t\t\t<\/div>\n\t\t\t\t<\/div>\n\t\t\t\t\t<\/div>\n\t\t\t\t<\/div>\n\t\t<div class=\"elementor-element elementor-element-a1c5d1d e-flex e-con-boxed e-con e-parent\" data-id=\"a1c5d1d\" data-element_type=\"container\">\n\t\t\t\t\t<div class=\"e-con-inner\">\n\t\t<div class=\"elementor-element elementor-element-e5326db e-con-full e-flex e-con e-child\" data-id=\"e5326db\" data-element_type=\"container\" data-settings=\"{&quot;background_background&quot;:&quot;classic&quot;}\">\n\t\t<div class=\"elementor-element elementor-element-2279778 e-con-full e-flex e-con e-child\" data-id=\"2279778\" data-element_type=\"container\">\n\t\t\t\t<div class=\"elementor-element elementor-element-bde98a0 elementor-invisible elementor-widget elementor-widget-heading\" data-id=\"bde98a0\" data-element_type=\"widget\" data-settings=\"{&quot;_animation&quot;:&quot;fadeInUp&quot;}\" data-widget_type=\"heading.default\">\n\t\t\t\t\t<h2 class=\"elementor-heading-title elementor-size-default\">Encontr\u00e1 tu Pick-Up<\/h2>\t\t\t\t<\/div>\n\t\t\t\t<div class=\"elementor-element elementor-element-e898c20 elementor-invisible elementor-widget elementor-widget-heading\" data-id=\"e898c20\" data-element_type=\"widget\" data-settings=\"{&quot;_animation&quot;:&quot;fadeInUp&quot;}\" data-widget_type=\"heading.default\">\n\t\t\t\t\t<h2 class=\"elementor-heading-title elementor-size-default\">Tu pr\u00f3xima aventura comienza sobre ruedas.<\/h2>\t\t\t\t<\/div>\n\t\t\t\t<div class=\"elementor-element elementor-element-8affb13 elementor-invisible elementor-widget elementor-widget-button\" data-id=\"8affb13\" data-element_type=\"widget\" data-settings=\"{&quot;_animation&quot;:&quot;fadeInUp&quot;}\" data-widget_type=\"button.default\">\n\t\t\t\t\t\t\t\t\t\t<a class=\"elementor-button elementor-button-link elementor-size-sm\" href=\"https:\/\/cfgarage.com.ar\/index.php\/categoria-producto\/autos-seleccionados\/pick-up\/\">\n\t\t\t\t\t\t<span class=\"elementor-button-content-wrapper\">\n\t\t\t\t\t\t\t\t\t<span class=\"elementor-button-text\">CONOC\u00c9 NUESTRO STOCK<\/span>\n\t\t\t\t\t<\/span>\n\t\t\t\t\t<\/a>\n\t\t\t\t\t\t\t\t<\/div>\n\t\t\t\t<\/div>\n\t\t<div class=\"elementor-element elementor-element-d8b88b4 e-con-full e-flex e-con e-child\" data-id=\"d8b88b4\" data-element_type=\"container\">\n\t\t\t\t<\/div>\n\t\t\t\t<\/div>\n\t\t\t\t\t<\/div>\n\t\t\t\t<\/div>\n\t\t\t\t<\/div>\n\t\t","protected":false},"excerpt":{"rendered":"<p>Encontr\u00e1 tu Pick-UpTu pr\u00f3xima aventura empieza sobre ruedas.VER M\u00c1SEncontr\u00e1 tu AutoLa manera m\u00e1s f\u00e1cil de subirte a tu pr\u00f3ximo auto.VER M\u00c1SEncontr\u00e1 tu MotoEleg\u00ed la moto que va con tu estilo de vida.VER M\u00c1S ENCONTR\u00c1 EL AUTO QUE EST\u00c1S BUSCANDO Encontr\u00e1 tu Pick-Up Tu pr\u00f3xima aventura comienza sobre ruedas. CONOC\u00c9 NUESTRO STOCK<\/p>\n","protected":false},"author":1,"featured_media":0,"parent":0,"menu_order":0,"comment_status":"closed","ping_status":"closed","template":"elementor_header_footer","meta":{"inline_featured_image":false,"footnotes":""},"class_list":["post-105","page","type-page","status-publish","hentry"],"_links":{"self":[{"href":"https:\/\/cfgarage.com.ar\/index.php\/wp-json\/wp\/v2\/pages\/105","targetHints":{"allow":["GET"]}}],"collection":[{"href":"https:\/\/cfgarage.com.ar\/index.php\/wp-json\/wp\/v2\/pages"}],"about":[{"href":"https:\/\/cfgarage.com.ar\/index.php\/wp-json\/wp\/v2\/types\/page"}],"author":[{"embeddable":true,"href":"https:\/\/cfgarage.com.ar\/index.php\/wp-json\/wp\/v2\/users\/1"}],"replies":[{"embeddable":true,"href":"https:\/\/cfgarage.com.ar\/index.php\/wp-json\/wp\/v2\/comments?post=105"}],"version-history":[{"count":51,"href":"https:\/\/cfgarage.com.ar\/index.php\/wp-json\/wp\/v2\/pages\/105\/revisions"}],"predecessor-version":[{"id":541,"href":"https:\/\/cfgarage.com.ar\/index.php\/wp-json\/wp\/v2\/pages\/105\/revisions\/541"}],"wp:attachment":[{"href":"https:\/\/cfgarage.com.ar\/index.php\/wp-json\/wp\/v2\/media?parent=105"}],"curies":[{"name":"wp","href":"https:\/\/api.w.org\/{rel}","templated":true}]}}