{"id":512,"date":"2025-11-12T19:29:18","date_gmt":"2025-11-12T22:29:18","guid":{"rendered":"https:\/\/cfgarage.com.ar\/index.php\/producto\/bmw-320d\/"},"modified":"2025-11-12T19:29:26","modified_gmt":"2025-11-12T22:29:26","slug":"bmw-320d","status":"publish","type":"product","link":"https:\/\/cfgarage.com.ar\/index.php\/producto\/bmw-320d\/","title":{"rendered":"BMW 320d"},"content":{"rendered":"<p>Veh\u00edculo caracter\u00edstico por su excelente andar y el muy bajo consumo , motor 2.0 turbo di\u00e9sel 184cv, Service al d\u00eda, Vtv 2026 , sin detallles<\/p>\n","protected":false},"excerpt":{"rendered":"<p>Modelo: 2010<\/p>\n<p>Tracci\u00f3n: trasera<\/p>\n<p>Vtv :02\/2026<\/p>\n<p>kms: 202000<\/p>\n","protected":false},"featured_media":502,"comment_status":"open","ping_status":"closed","template":"","meta":{"inline_featured_image":false},"product_brand":[],"product_cat":[25,22],"product_tag":[],"class_list":{"0":"post-512","1":"product","2":"type-product","3":"status-publish","4":"has-post-thumbnail","6":"product_cat-autos-seleccionados","7":"product_cat-sedan","9":"first","10":"instock","11":"virtual","12":"purchasable","13":"product-type-simple"},"_links":{"self":[{"href":"https:\/\/cfgarage.com.ar\/index.php\/wp-json\/wp\/v2\/product\/512","targetHints":{"allow":["GET"]}}],"collection":[{"href":"https:\/\/cfgarage.com.ar\/index.php\/wp-json\/wp\/v2\/product"}],"about":[{"href":"https:\/\/cfgarage.com.ar\/index.php\/wp-json\/wp\/v2\/types\/product"}],"replies":[{"embeddable":true,"href":"https:\/\/cfgarage.com.ar\/index.php\/wp-json\/wp\/v2\/comments?post=512"}],"version-history":[{"count":0,"href":"https:\/\/cfgarage.com.ar\/index.php\/wp-json\/wp\/v2\/product\/512\/revisions"}],"wp:featuredmedia":[{"embeddable":true,"href":"https:\/\/cfgarage.com.ar\/index.php\/wp-json\/wp\/v2\/media\/502"}],"wp:attachment":[{"href":"https:\/\/cfgarage.com.ar\/index.php\/wp-json\/wp\/v2\/media?parent=512"}],"wp:term":[{"taxonomy":"product_brand","embeddable":true,"href":"https:\/\/cfgarage.com.ar\/index.php\/wp-json\/wp\/v2\/product_brand?post=512"},{"taxonomy":"product_cat","embeddable":true,"href":"https:\/\/cfgarage.com.ar\/index.php\/wp-json\/wp\/v2\/product_cat?post=512"},{"taxonomy":"product_tag","embeddable":true,"href":"https:\/\/cfgarage.com.ar\/index.php\/wp-json\/wp\/v2\/product_tag?post=512"}],"curies":[{"name":"wp","href":"https:\/\/api.w.org\/{rel}","templated":true}]}}